
False
Is 5810983 a composite number?
False
Is 86519159 prime?
True
Is 142294297 composite?
True
Is 4800023 a composite number?
False
Is 24841829 a composite number?
False
Is 93486923 a prime number?
False
Is 47066653 composite?
False
Is 19838369 prime?
True
Is 15138743 composite?
True
Is 179071 a composite number?
True
Is 119687 prime?
True
Is 28777873 prime?
False
Is 18814663 a prime number?
False
Is 16948691 composite?
False
Is 599714 a prime number?
False
Is 18918371 a composite number?
True
Is 1444907 a composite number?
True
Is 1428709 a prime number?
True
Is 8750309 a composite number?
False
Is 152657 a composite number?
False
Is 19389533 composite?
False
Is 2233411 composite?
True
Is 5175887 a composite number?
False
Is 1742443 prime?
True
Is 7304153 composite?
True
Is 22382439 a composite number?
True
Is 164905733 composite?
False
Is 7049123 a prime number?
True
Is 298255 composite?
True
Is 178149973 a prime number?
False
Is 474463 a prime number?
False
Is 4505087 composite?
True
Is 1648183 a composite number?
True
Is 243245941 prime?
True
Is 34708963 a prime number?
True
Is 95910131 a prime number?
True
Is 756907 a composite number?
True
Is 7571761 a composite number?
True
Is 130723973 prime?
False
Is 4639805 prime?
False
Is 30628357 a prime number?
False
Is 3509017 composite?
False
Is 15636179 a composite number?
True
Is 150152129 prime?
False
Is 4186621 composite?
True
Is 185432579 prime?
True
Is 1953663 composite?
True
Is 215717919 prime?
False
Is 5772638 composite?
True
Is 295512397 a prime number?
True
Is 2772619 prime?
False
Is 881591 a prime number?
True
Is 21207997 a composite number?
False
Is 54412741 a prime number?
True
Is 80225681 prime?
True
Is 5489921 composite?
False
Is 3193511 prime?
True
Is 6139969 a prime number?
False
Is 349849139 a composite number?
False
Is 4657333 prime?
False
Is 929155 a prime number?
False
Is 329901821 prime?
True
Is 2029301 a composite number?
False
Is 8062647 composite?
True
Is 6742833 a prime number?
False
Is 15648961 a prime number?
False
Is 50400533 a prime number?
True
Is 4386089 prime?
True
Is 1083743 a composite number?
False
Is 3714497 prime?
False
Is 3855827 a composite number?
True
Is 5441959 a composite number?
False
Is 34914047 a prime number?
False
Is 48833453 a prime number?
False
Is 3162023 composite?
True
Is 38689171 prime?
False
Is 591459142 a prime number?
False
Is 4004799 a prime number?
False
Is 8508127 a composite number?
False
Is 2290723 a composite number?
True
Is 7834439 a composite number?
True
Is 93207479 a composite number?
True
Is 4484559 a composite number?
True
Is 1525379 prime?
False
Is 26515837 composite?
True
Is 39438131 a composite number?
True
Is 606059 a prime number?
True
Is 243167 prime?
True
Is 7731023 a composite number?
True
Is 3092137 a prime number?
True
Is 7979759 composite?
True
Is 2451257 composite?
False
Is 2358591 prime?
False
Is 199972931 prime?
True
Is 153435067 composite?
False
Is 298353191 prime?
True
Is 840839 a prime number?
True
Is 164706517 a prime number?
True
Is 15699557 a composite number?
False
Is 1582729 composite?
False
Is 6632177 composite?
False
Is 26310667 a prime number?
True
Is 33259243 a prime number?
False
Is 37122727 a prime number?
True
Is 199081 composite?
False
Is 894779 composite?
False
Is 135892391 a composite number?
False
Is 36002303 a composite number?
False
Is 2118751 composite?
False
Is 3261617 composite?
False
Is 859601 composite?
False
Is 78378953 composite?
True
Is 19422667 a composite number?
True
Is 64273967 prime?
True
Is 395639333 a prime number?
True
Is 2296787 a composite number?
False
Is 683671097 composite?
False
Is 1407493 prime?
False
Is 120533327 prime?
True
Is 389121647 composite?
True
Is 206646977 composite?
False
Is 5153233 a composite number?
True
Is 1197821 prime?
True
Is 631061 a prime number?
True
Is 3153677 composite?
True
Is 59111758 prime?
False
Is 15042829 a prime number?
True
Is 23133461 composite?
True
Is 309189947 a prime number?
False
Is 304380679 composite?
True
Is 18016907 composite?
False
Is 32909783 a composite number?
True
Is 471871 a composite number?
False
Is 2482699 composite?
True
Is 17169833 a prime number?
True
Is 29475059 prime?
False
Is 1318919 composite?
True
Is 10903223 prime?
False
Is 3960667 composite?
False
Is 2613679 a composite number?
False
Is 42327827 a prime number?
True
Is 12521941 a prime number?
False
Is 129466079 prime?
True
Is 16872161 composite?
False
Is 1231039 prime?
True
Is 2077666 prime?
False
Is 1768279 a composite number?
True
Is 67166239 composite?
True
Is 24727083 composite?
True
Is 626156677 a prime number?
False
Is 7178081 composite?
True
Is 2030879 a composite number?
False
Is 22201171 a composite number?
True
Is 142561 a prime number?
False
Is 3694013 a prime number?
True
Is 1225645 composite?
True
Is 21824663 a composite number?
True
Is 77343757 a prime number?
True
Is 61961303 composite?
False
Is 8900699 composite?
True
Is 18642941 composite?
False
Is 4460999 composite?
False
Is 36246233 composite?
False
Is 43261369 a prime number?
False
Is 178263473 composite?
False
Is 38214349 a composite number?
True
Is 10507661 a prime number?
True
Is 71260169 a composite number?
False
Is 5357357 composite?
True
Is 1115333 a composite number?
True
Is 4333237 prime?
True
Is 16185349 composite?
False
Is 75526709 prime?
True
Is 8760701 a composite number?
False
Is 187822601 prime?
True
Is 151375427 prime?
False
Is 54463735 a composite number?
True
Is 17261803 a prime number?
False
Is 16772797 prime?
True
Is 1124423 composite?
False
Is 352055569 a composite number?
False
Is 18143173 a composite number?
False
Is 575842 prime?
False
Is 4676570497 prime?
True
Is 70437049 a composite number?
False
Is 1864717 prime?
False
Is 10705301 composite?
False
Is 38068481 a composite number?
True
Is 4089689 composite?
True
Is 299194205 prime?
False
Is 1567435277 a prime number?
True
Is 30735641 a composite number?
True
Is 4868373 composite?
True
Is 11206681 a prime number?
False
Is 582109 prime?
False
Is 29349743 prime?
True
Is 10869967 a composite number?
False
Is 4882391 a prime number?
False
Is 133942859 prime?
False
Is 784939 composite?
False
Is 335857 prime?
True
Is 3079079 a composite number?
True
Is 29731331 a composite number?
True
Is 859331 a composite number?
True
Is 1470523 composite?
False
Is 1456489 a prime number?
False
Is 82402819 composite?
False
Is 9928447 a composite number?
True
Is 221439077 composite?
False
Is 33850561 a composite number?
True
Is 219206027 composite?
False
Is 126529021 prime?
True
Is 88547 a composite number?
False
Is 9971297 a prime number?
False
Is 486970543 a composite number?
False
Is 175611563 composite?
False
Is 1862713 a prime number?
False
Is 1979557 a prime number?
False
Is 7609429 a prime number?
False
Is 8781259 composite?
False
Is 26779943 a prime number?
False
Is 118966405 a prime number?
False
Is 6554657 composite?
False
Is 378578273 prime?
True
Is 59995009 a prime number?
True
Is 14769871 a prime number?
False
Is 1782889 a prime number?
False
Is 33878459 prime?
True
Is 739273 prime?
True
Is 14209613 a composite number?
True
Is 52969219 a composite number?
False
Is 385493 composite?
False
Is 16516923 composite?
True
Is 65451 prime?
False
Is 745211 a composite number?
True
Is 28771747 a composite number?
False
Is 67024561 prime?
True
Is 316474861 a prime number?
True
Is 23338513 composite?
True
Is 1120139 composite?
True
Is 4750822 a prime number?
False
Is 215009 a composite number?
True
Is 1882847 a prime number?
False
Is 305847497 prime?
True
Is 2078177 composite?
False
Is 13811141 composite?
True
Is 36052391 composite?
False
Is 16376603 prime?
False
Is 664497181 prime?
True
Is 4127497 composite?
True
Is 201719533 composite?
True
Is 9055031 a prime number?
False
Is 92602 a prime number?
False
Is 9364667 prime?
False
Is 463949 a composite number?
False
Is 4178393 composite?
False
Is 2136517 composite?
True
Is 888623 prime?
True
Is 207620086 composite?
True
Is 3081797 a prime number?
True
Is 109883 a prime number?
True
Is 761100587 a composite number?
True
Is 17088677 a prime number?
False
Is 52473217 a prime number?
False
Is 31300777 prime?
True
Is 27406177 a composite number?
False
Is 4968109 composite?
False
Is 301997